).
2
Suppose -5*j + 14 + 23 = 4*q, -7 = j - 4*q. Let y(c) = c**3 - 6*c**2 + c + 6. Determine y(j).
-14
Let r(o) = -o**3 + 2*o**2 + 3*o - 2. Let s(d) = -d**2 + 11*d + 6. Let m be s(10). Let y = -14 + m. Determine r(y).
4
Let n be (1 - 0) + 0 - -1. Suppose -24 = n*w - 6*w. Let f(q) = q. Determine f(w).
6
Let r(q) be the third derivative of q**6/120 + 3*q**5/20 - 11*q**4/24 - q**3/6 - 12*q**2 + 1. Determine r(-10).
9
Let h = 32 + -25. Let v(t) = t - 11. Let r be v(h). Let x(y) = -y**2 - 2*y + 3. Give x(r).
-5
Let j(k) = 66*k. Let p(g) be the second derivative of -5*g**3/6 + 2*g. Let q be (5 - 3)*54/4. Let y(x) = q*p(x) + 2*j(x). Determine y(2).
-6
Let i(u) = 4*u - 9*u**2 + 7*u**2 + 3*u**2. Determine i(-2).
-4
Let y = 163 + -161. Let b(r) = -2*r + 2. What is b(y)?
-2
Let k(d) = 17*d + 3. Let m(a) = -8*a - 2. Let i(b) = -3*k(b) - 7*m(b). Give i(-4).
-15
Let x(o) = -4*o**2 - 3*o - 3. Let p be -2 - 5/(5/(-4)). Suppose 2*a = c + p, 5*c + 8 + 2 = -5*a. Determine x(c).
-13
Let m(a) = 2*a**3 - 2*a**2 + 5*a - 1. Let c(y) = -2*y**3 + 2*y**2 - 6*y. Let o(q) = -2*c(q) - 3*m(q). Suppose -h + 1 = -1. Determine o(h).
-11
Let s(v) = 6*v - 4. Let u(l) = -2*l + 1. Let p(i) = 3*s(i) + 8*u(i). Let n = -5 - -2. Give p(n).
-10
Suppose 2*l + 3*z - 14 + 2 = 0, l = 2*z + 13. Let w(b) = b**3 - 8*b**2 - 8*b + 8. Give w(l).
17
Let g = 11 + -7. Let j(q) = -q**2 + 5*q - 5. Let a be j(g). Let k(l) = -6*l - 1. Give k(a).
5
Suppose -13*m + 16*m = 18. Let c(w) = w. Determine c(m).
6
Let v(b) = b**3 + 8*b**2 - 11*b - 8. Suppose -5*l - 71 = -26. Calculate v(l).
10
Suppose 5*w + 18 = 2*q, -3*q - 4*w = 2 - 6. Suppose -7*a - q = -3*a. Let p(v) = 10*v**2. Give p(a).
10
Let z(j) = -j - 2. Let s be z(-1). Let x = -19 + 21. Let g be s/(x*(-3)/(-6)). Let k(b) = 10*b**3. Calculate k(g).
-10
Let u(s) = 2*s**2 + 6. Let z(f) = 3*f**2 - f + 7. Let x(d) = -4*u(d) + 3*z(d). Let c be 2 - -1*2 - -2. Suppose 6*v = 4*v + c. Give x(v).
-3
Let r be 0 + 1 + (-14)/(-7). Suppose -2*i + 3*t + 18 = 0, i + r + 2 = -2*t. Let v(p) = 4*p - 2 - 2*p**2 - 5 + 4. What is v(i)?
-9
Suppose 2*g + 20 = 6*g. Let p(v) = 7*v - 3. Let x(t) = -4*t + 1. Let l(z) = -3*p(z) - 5*x(z). What is l(g)?
-1
Let c(s) = -s**3 + 4*s**2 - s - 3. Suppose 0 = 4*h - 20, 3*h = r - 0*h + 12. What is c(r)?
3
Let h(q) = 2*q + 3. Let m(v) = v + 1. Let z be m(-4). Give h(z).
-3
Let x(t) = t**3 - 3*t**2 - 3*t + 5. Let q(n) = -2*n**3 + 6*n**2 + 6*n - 11. Let j(f) = 2*q(f) + 5*x(f). Let z be (((-2)/(-3))/(-2))/((-21)/252). Give j(z).
7
Let n(m) = 6*m**3 - 6*m**2 - 2*m - 1. Let d(x) = 7*x**3 - 6*x**2 - 2*x. Let f(l) = -5*d(l) + 6*n(l). Determine f(6).
-18
Let g be (-46)/(-8) - 2/(-8). Let d(t) = -1 - 3*t**2 + 2*t**2 + g*t + 4*t - 4*t. What is d(6)?
-1
Let t(b) be the first derivative of b**4/4 - 4*b**3/3 - 2*b**2 + 2*b + 37. Give t(4).
-14
Let b be ((-10)/2)/(2 - 1). Let g(v) = v**3 - 6*v**2 + 4*v + 10. Let k(r) = r**3 - 6*r**2 + 4*r + 11. Let o(l) = b*g(l) + 4*k(l). Give o(5).
-1
Let z(a) be the first derivative of -2*a**3 - a**2/2 + a - 30. Let m(l) = l**2 + 7*l + 1. Let u be m(-7). Determine z(u).
-6
Let q be (-1 + -2 + 7)*1. Suppose 8 - 1 = -a + 2*x, -q*x = a - 17. Let h(n) = 10*n**3 - n**2 + 1. Calculate h(a).
10
Let y = -45 - -89. Let d be y/16 + 2/8. Let n(q) = q**3 - 2*q**2 - 2*q + 4. Calculate n(d).
7
Let k(c) = -5*c**2 - 4*c + 7. Let b(r) = -r**2 - r + 1. Let o(g) = g**2 - 12*g + 10. Let q be o(11). Let h(z) = q*k(z) + 3*b(z). Give h(-3).
11
Let a(p) be the second derivative of p**6/72 - 7*p**4/12 + 4*p. Let d(u) be the third derivative of a(u). Give d(1).
10
Suppose x = -x + 40. Let f = x - 17. Let i(q) = -3*q + 3. Calculate i(f).
-6
Let a(v) = -3*v + 13. Let r(j) = j - 4. Let i(k) = -3*a(k) - 8*r(k). Let f = -2 - -6. Give i(f).
-3
Let t(g) be the first derivative of -1/2*g**2 - 2*g + 2 - 1/2*g**3. Let f(o) be the first derivative of t(o). Give f(1).
-4
Let w(l) = l**3 + 4*l**2 + 4*l + 2. Let f = -24 + 16. Let t be 3/(6/f) + 1. Determine w(t).
-1
Let c(j) = j**2 + 3*j - 4. Let m(z) = -z**3 - 3*z**2 + 7*z + 6. Let p be m(-4). Let u be (9/p)/(6/16). Give c(u).
0
Let m(u) = 2*u - 2. Suppose 8*s + 3*s - 44 = 0. What is m(s)?
6
Let h(i) = -i**2 + 5*i + 2. Let c(g) = 3*g**3 + 2*g**2 - 1. Let u be c(1). Determine h(u).
6
Let d be -1*0/(-1) + 4. Let l(o) = -5*o**3 + 3*o**2 + 3*o + 2. Let p(u) = 14*u**3 - 8*u**2 - 8*u - 5. Let x(f) = d*p(f) + 11*l(f). Give x(0).
2
Let l(v) be the first derivative of v**4/4 + 8*v**3/3 + 3*v**2 - 5*v + 30. Determine l(-7).
2
Let n(b) be the second derivative of b**2 + 1/12*b**4 - 1/6*b**3 + 0 + 2*b. What is n(3)?
8
Let y(h) = -4*h**3 + 4*h**2 - 7*h + 4. Let t(i) = -i**3 - i. Let z(c) = 3*t(c) - y(c). Determine z(3).
-1
Let j(i) = 2*i**3 - i**2 - i. Let m be j(-1). Let x be 6 - (0 + 4 + m). Let q(l) = 4*l**2 + 3 - l**3 - 4 - 3*l + 4*l. What is q(x)?
3
Let t(y) = y**2 - 8*y - 5. Let b be t(9). Suppose w + 0*w + b = 0. Let d(g) = -g**2 - 3*g + 2. What is d(w)?
-2
Let i(b) be the third derivative of b**6/24 + b**5/30 + b**4/24 + 3*b**2. Let k = 7 - 6. Let j = -2 + k. Determine i(j).
-4
Let p(o) be the second derivative of o**6/360 + o**5/120 + o**4/12 - 2*o**3/3 + 3*o. Let w(c) be the second derivative of p(c). Give w(2).
8
Suppose -2*a = 5 + 1, 0 = -5*m - 4*a + 3. Suppose -4*h + 7 - m = 0. Let t(y) = 3*y + 7*y - 4*y - 4*y. Give t(h).
2
Let y(i) = i**2 - 5*i - 4. Let m be (-3)/((-1)/(-2)*-2). Suppose m*d + 4 = -2*u - d, 0 = 2*u + 5*d + 8. Calculate y(u).
2
Let c = 2 + 0. Suppose 3 + 3 = -c*y. Let p(z) = -z**3 + z**2 - z + 1. Let h(q) = -7*q**3 + 5*q**2 - 3*q + 2. Let l(b) = -h(b) + 6*p(b). Determine l(y).
-5
Let a(o) be the second derivative of o**5/20 + o**4/2 - 4*o**2 - 7*o. Calculate a(-6).
-8
Let d(c) be the third derivative of c**4/12 - c**3/3 + 19*c**2. Determine d(7).
12
Let l(w) = 3*w - 1. Let h(z) = z**2 + 5*z - 6. Let p be h(-6). Suppose 5*n + 25 = p, 2*n + 3*n + 24 = -d. Calculate l(d).
2
Let z(i) = -13 + 8 - i + 10. Let u be z(4). Let o(d) be the first derivative of 3*d**4/4 + d**2/2 - 1. Calculate o(u).
4
Let u(r) be the second derivative of 1/360*r**6 - 2/3*r**3 - 1/12*r**4 + 1/30*r**5 + 0 + 0*r**2 + 4*r. Let x(s) be the second derivative of u(s). What is x(-3)?
-5
Let z(v) = -v**2 + 4*v + 7. Let j = -20 - -20. Let n be 2 + (1 + -1)/(-2). Suppose j = n*q + q - 18. What is z(q)?
-5
Let l = 10 - 15. Let j(b) = -b**3 - 5*b**2 + 2*b + 5. Calculate j(l).
-5
Let j(d) = -d**3 - 2*d**2 - 7*d - 9. Let h(p) = 3*p**3 + 7*p**2 + 21*p + 26. Let l(f) = 3*h(f) + 8*j(f). Calculate l(-4).
-6
Let m be ((-16)/20)/(2/(-5)). Suppose 6*s + 20 = -2*r + m*s, 4*s = 5*r - 6. Let t(w) = -w**3 - 2*w**2 - 3*w - 2. Calculate t(r).
4
Suppose 1 = -l + 2, 70 = 5*f - 5*l. Suppose 4*s - 5*p + 9 - 33 = 0, 0 = 5*s + 5*p + f. Let b(c) = -7*c + 1. Give b(s).
-6
Let b(a) = 2*a**2. Suppose -2*z - 25 = -3*y, -2*z = y + 29 - 0. Let v = z - -8. Let n(m) = -m**2. Let w(q) = v*b(q) - 13*n(q). Determine w(-2).
4
Let o(k) = 7*k. Suppose -2*i = -2*c - 2*c + 4, -c + 2 = 0. Suppose -4*l + 2*q + 7 = -l, 0 = 4*l - i*q - 8. Calculate o(l).
7
Let o be (-341)/660 + ((-3)/5)/(-1). Let j(w) be the second derivative of 1/3*w**3 - o*w**4 - 4*w - 2*w**2 + 0. Determine j(3).
-7
Let y(k) = -4*k**2 - 3*k + 5. Let w(x) = -4*x**2 - 2*x + 4. Let g(l) = -4*w(l) + 3*y(l). Suppose 4*r + 68 = 64. Determine g(r).
4
Let r(g) = -7*g**2 + 12*g - 15. Let p(x) be the third derivative of 11*x**5/60 - 3*x**4/4 + 23*x**3/6 + 3*x**2. Let q(k) = -5*p(k) - 8*r(k). What is q(6)?
5
Let q(z) = z**3 + 10*z**2 + 9*z + 3. Let k be q(-9). Let d(h) = h**2 + 0*h**k + 0*h**2 - 2*h - h**3 - 1. Calculate d(2).
-9
Let b(t) be the first derivative of 1/3*t**3 + 3*t + 9/2*t**2 + 1. What is b(-6)?
-15
Let g(y) = y**3 + 5*y**2 + 3*y + 11. Let q be g(-5). Let k(a) = 2*a + 6. Calculate k(q).
-2
Let d(a) = -11*a**2 - 2*a + 17. Let i(r) = 4*r**2 + r - 6. Let x(u) = -3*d(u) - 8*i(u). What is x(3)?
0
Let o be (2*-1)/(6/(-9)). Let g(l) = -2*l - 2 + 5 - 8 + 2. What is g(o)?
-9
Let r be (0 + 1)/(1/2) + 2. Let g(v) = 3*v + 2 - v**3 - 6 + 0 + 3*v**2. What is g(r)?
-8
Suppose 0 = -6*d + 4*d. Suppose o = -c + 9 + 47, d = -2*c. Let t be 6/(-15) + o/(-10). Let n(a) = a**3 + 7*a**2 + 6*a - 8. What is n(t)?
-8
Let s(p) be the first derivative of -4 + 1/20*p**5 + 1/3*p**4 - 1/2*p**2 + 1/6*p**3 - 4*p. Let t(x) be the f